{"id":5123,"date":"2020-03-03T10:19:16","date_gmt":"2020-03-03T09:19:16","guid":{"rendered":"https:\/\/fashion4fans.com\/andre-hilgers-tight-drums\/merch\/6er-set-schnapsglas-mit-eurem-bandlogo\/"},"modified":"2021-03-28T13:31:05","modified_gmt":"2021-03-28T11:31:05","slug":"6er-set-schnapsglas-mit-eurem-bandlogo","status":"publish","type":"product","link":"https:\/\/fashion4fans.com\/andre-hilgers-tight-drums\/shop\/6er-set-schnapsglas-mit-eurem-bandlogo\/","title":{"rendered":"6er Set Schnapsglas gelasert Andr\u00e9 Hilgers TIGHT DRUMS"},"content":{"rendered":"<p>Warum alleine ansto\u00dfen? Hier k\u00f6nnt ihr gleich ein ganzes Set erhalten.<\/p>\n<p>6 St\u00fcck mit den sch\u00f6nen 6cl Schnapsgl\u00e4ser, gelasert mit eurem Bandlogo oder Motiv.<\/p>\n","protected":false},"excerpt":{"rendered":"<p>6 er Set der sch\u00f6nen 6cl Schnapsgl\u00e4ser, gelasert mit dem Andr\u00e9 HILGERS TIGHT DRUMS Logo<\/p>\n","protected":false},"featured_media":5121,"comment_status":"open","ping_status":"closed","template":"","meta":{"_acf_changed":false,"_seopress_robots_primary_cat":"none","_seopress_titles_title":"6er Set Schnapsglas 6cl mit eurem Bandlogo\/Motiv","_seopress_titles_desc":"6er Set Schnapsglas 6cl mit eurem Bandlogo\/Motiv","_seopress_robots_index":"","site-sidebar-layout":"default","site-content-layout":"default","ast-site-content-layout":"default","site-content-style":"default","site-sidebar-style":"default","ast-global-header-display":"","ast-banner-title-visibility":"","ast-main-header-display":"","ast-hfb-above-header-display":"","ast-hfb-below-header-display":"","ast-hfb-mobile-header-display":"","site-post-title":"","ast-breadcrumbs-content":"","ast-featured-img":"","footer-sml-layout":"","ast-disable-related-posts":"","theme-transparent-header-meta":"default","adv-header-id-meta":"","stick-header-meta":"default","header-above-stick-meta":"","header-main-stick-meta":"","header-below-stick-meta":"","astra-migrate-meta-layouts":"default","ast-page-background-enabled":"default","ast-page-background-meta":{"desktop":{"background-color":"","background-image":"","background-repeat":"repeat","background-position":"center center","background-size":"auto","background-attachment":"scroll","background-type":"","background-media":"","overlay-type":"","overlay-color":"","overlay-opacity":"","overlay-gradient":""},"tablet":{"background-color":"","background-image":"","background-repeat":"repeat","background-position":"center center","background-size":"auto","background-attachment":"scroll","background-type":"","background-media":"","overlay-type":"","overlay-color":"","overlay-opacity":"","overlay-gradient":""},"mobile":{"background-color":"","background-image":"","background-repeat":"repeat","background-position":"center center","background-size":"auto","background-attachment":"scroll","background-type":"","background-media":"","overlay-type":"","overlay-color":"","overlay-opacity":"","overlay-gradient":""}},"ast-content-background-meta":{"desktop":{"background-color":"var(--ast-global-color-5)","background-image":"","background-repeat":"repeat","background-position":"center center","background-size":"auto","background-attachment":"scroll","background-type":"","background-media":"","overlay-type":"","overlay-color":"","overlay-opacity":"","overlay-gradient":""},"tablet":{"background-color":"var(--ast-global-color-5)","background-image":"","background-repeat":"repeat","background-position":"center center","background-size":"auto","background-attachment":"scroll","background-type":"","background-media":"","overlay-type":"","overlay-color":"","overlay-opacity":"","overlay-gradient":""},"mobile":{"background-color":"var(--ast-global-color-5)","background-image":"","background-repeat":"repeat","background-position":"center center","background-size":"auto","background-attachment":"scroll","background-type":"","background-media":"","overlay-type":"","overlay-color":"","overlay-opacity":"","overlay-gradient":""}}},"product_brand":[],"product_cat":[37],"product_tag":[],"class_list":{"0":"post-5123","1":"product","2":"type-product","3":"status-publish","4":"has-post-thumbnail","6":"product_cat-accessories","7":"product_shipping_class-paket-klein","8":"desktop-align-center","9":"tablet-align-center","10":"mobile-align-center","11":"ast-product-gallery-layout-vertical","12":"ast-product-gallery-with-no-image","13":"ast-product-tabs-layout-vertical","14":"ast-qv-on-image","16":"first","17":"instock","18":"taxable","19":"shipping-taxable","20":"purchasable","21":"product-type-simple"},"acf":[],"_links":{"self":[{"href":"https:\/\/fashion4fans.com\/andre-hilgers-tight-drums\/wp-json\/wp\/v2\/product\/5123","targetHints":{"allow":["GET"]}}],"collection":[{"href":"https:\/\/fashion4fans.com\/andre-hilgers-tight-drums\/wp-json\/wp\/v2\/product"}],"about":[{"href":"https:\/\/fashion4fans.com\/andre-hilgers-tight-drums\/wp-json\/wp\/v2\/types\/product"}],"replies":[{"embeddable":true,"href":"https:\/\/fashion4fans.com\/andre-hilgers-tight-drums\/wp-json\/wp\/v2\/comments?post=5123"}],"version-history":[{"count":0,"href":"https:\/\/fashion4fans.com\/andre-hilgers-tight-drums\/wp-json\/wp\/v2\/product\/5123\/revisions"}],"wp:featuredmedia":[{"embeddable":true,"href":"https:\/\/fashion4fans.com\/andre-hilgers-tight-drums\/wp-json\/wp\/v2\/media\/5121"}],"wp:attachment":[{"href":"https:\/\/fashion4fans.com\/andre-hilgers-tight-drums\/wp-json\/wp\/v2\/media?parent=5123"}],"wp:term":[{"taxonomy":"product_brand","embeddable":true,"href":"https:\/\/fashion4fans.com\/andre-hilgers-tight-drums\/wp-json\/wp\/v2\/product_brand?post=5123"},{"taxonomy":"product_cat","embeddable":true,"href":"https:\/\/fashion4fans.com\/andre-hilgers-tight-drums\/wp-json\/wp\/v2\/product_cat?post=5123"},{"taxonomy":"product_tag","embeddable":true,"href":"https:\/\/fashion4fans.com\/andre-hilgers-tight-drums\/wp-json\/wp\/v2\/product_tag?post=5123"}],"curies":[{"name":"wp","href":"https:\/\/api.w.org\/{rel}","templated":true}]}}